{"id":27257,"date":"2026-03-25T15:29:22","date_gmt":"2026-03-25T14:29:22","guid":{"rendered":"https:\/\/www.agoal.it\/?post_type=advert&#038;p=27257"},"modified":"2026-03-25T15:39:27","modified_gmt":"2026-03-25T14:39:27","slug":"sofa-canape-del-xix-secolo","status":"publish","type":"advert","link":"https:\/\/www.agoal.it\/index.php\/mercatone\/sofa-canape-del-xix-secolo\/","title":{"rendered":"Sof\u00e0 &#8211; Canap\u00e8 del XIX secolo"},"content":{"rendered":"<p>Vendo sof\u00e0\/canap\u00e9 della seconda met\u00e0 del 19* secolo, tenuto bene, condizioni pari a quanto visibile in fotografia.<br \/>\nPrezzo di realizzo, sicuramente sottostimato rispetto alla valutazione storico\/commerciale, vendo perch\u00e9 ho liberato casa dei miei genitori, e non riesco a valorizzarlo come meriterebbe.<br \/>\nConfido in un intenditore, che sappia apprezzare e concretizzarne la fattura e la qualit\u00e0.<\/p>\n","protected":false},"author":25974,"template":"","advert_category":[148],"class_list":["post-27257","classified","type-advert","status-publish","has-post-thumbnail","hentry","advert_category-arredi"],"publishpress_future_workflow_manual_trigger":{"enabledWorkflows":[]},"_links":{"self":[{"href":"https:\/\/www.agoal.it\/index.php\/wp-json\/wp\/v2\/advert\/27257","targetHints":{"allow":["GET"]}}],"collection":[{"href":"https:\/\/www.agoal.it\/index.php\/wp-json\/wp\/v2\/advert"}],"about":[{"href":"https:\/\/www.agoal.it\/index.php\/wp-json\/wp\/v2\/types\/advert"}],"author":[{"embeddable":true,"href":"https:\/\/www.agoal.it\/index.php\/wp-json\/wp\/v2\/users\/25974"}],"wp:featuredmedia":[{"embeddable":true,"href":"https:\/\/www.agoal.it\/index.php\/wp-json\/wp\/v2\/media\/27258"}],"wp:attachment":[{"href":"https:\/\/www.agoal.it\/index.php\/wp-json\/wp\/v2\/media?parent=27257"}],"wp:term":[{"taxonomy":"advert_category","embeddable":true,"href":"https:\/\/www.agoal.it\/index.php\/wp-json\/wp\/v2\/advert_category?post=27257"}],"curies":[{"name":"wp","href":"https:\/\/api.w.org\/{rel}","templated":true}]}}

Sofà &#8211; Canapè del XIX secolo

<p>Vendo sofà/canapé della seconda metà del 19* secolo, tenuto bene, condizioni pari a quanto visibile in fotografia.<br />
Prezzo di realizzo, sicuramente sottostimato rispetto alla valutazione storico/commerciale, vendo perché ho liberato casa dei miei genitori, e non riesco a valorizzarlo come meriterebbe.<br />
Confido in un intenditore, che sappia apprezzare e concretizzarne la fattura e la qualità.</p>
